nder when d is divided by m.
22
Let z(j) = 3*j**2 + j + 4. Let k be 14/6 - 6/18. Suppose -3*l = 40*y - 35*y - 102, -l - k*y + 35 = 0. What is the remainder when z(4) is divided by l?
27
Let f be 4/14 - (-334)/7. Let n = -77 - -77. Suppose -3*x - l = -f, 3*x - 4*l = -n*l + 33. Calculate the remainder when 71 is divided by x.
11
Let f(q) = -q**3 - 12*q**2 - 22*q - 4. Let t(u) = -11*u + 56. Let j be t(6). What is the remainder when 60 is divided by f(j)?
12
What is the remainder when 2464 is divided by 1792/(-672)*(-27 + (-4 - -1))?
64
Let b = 103 - 111. What is the remainder when 72 is divided by 66/88 - 146/b?
15
Let i(g) = 66*g + 2867. What is the remainder when i(-35) is divided by 536?
21
Let z = 11956 - 11942. What is the remainder when 867 is divided by z?
13
Let f be 47 + (-6 - -6 - (3 + -1)). Let b = f + -11. Calculate the remainder when b is divided by 2.
0
Let b(l) = 21*l - 46. Let x = 346 + -342. What is the remainder when 67 is divided by b(x)?
29
Let p = -101 + 101. Suppose 9*m - 12*m + 2*x = -1069, -5*x + 20 = p. Calculate the remainder when m is divided by 8.
7
Let k = 115 + -100. Let l be (((-36)/14)/3)/(k/(-70)). Suppose 0 = -3*q + l*z + 140 + 20, 3*q - 164 = 5*z. What is the remainder when q is divided by 17?
14
Let i(f) be the second derivative of 9*f**5/20 + f**4/6 - f**3/3 - 3*f**2 - 212*f. What is the remainder when i(3) is divided by 50?
49
Let h(g) = g**2 + 4*g - 7. Let n(f) = 2*f**3 + 7*f**2 + 7*f + 7. Let j be n(-4). Let x = j - -44. What is the remainder when h(x) is divided by 36?
34
Let f = 8079 - 8011. What is the remainder when 10402 is divided by f?
66
Let t = 34798 - 34690. What is the remainder when 579 is divided by t?
39
Let o(s) = s**3 - s. Let q be o(2). What is the remainder when 26 is divided by 5/165*q + (-326)/(-22)?
11
Let q be (-1)/(-1 + (168/(-57) - -4)). Let v = q + 20. Calculate the remainder when 13 is divided by v.
0
Let z = 7721 + -7702. Let a(q) be the first derivative of q**3/3 + 2*q**2 + 6*q - 2. What is the remainder when z is divided by a(-5)?
8
Suppose -169 = -i + 4*r, -665*r = -2*i - 668*r + 371. What is the remainder when 1800 is divided by i?
171
Let h = 170 + -40. Suppose -3*o - x = -h, -2*o - 2*o = -x - 185. What is the remainder when 86 is divided by o?
41
Let n = 226 + -113. Let k(f) = f**2 + 68*f + 773. What is the remainder when n is divided by k(-13)?
55
Let g(p) = -60 + 195*p - 409*p + 203*p. Calculate the remainder when 65 is divided by g(-6).
5
Suppose -5*n = -0*n - 130. Let z(c) = -c**3 - 3*c + 4. What is the remainder when z(-3) is divided by n?
14
Let h be 98 - 6 - (1/(-1) - 1). Let q = 110 - h. Suppose 7*d = 3*d + 124. What is the remainder when d is divided by q?
15
Suppose -d - c = 552, -2*d - 2*c - 2*c - 1100 = 0. Let b = -387 - d. What is the remainder when b is divided by 6?
5
Let d(w) = -17*w**2 + 545*w - 23. Let l(j) be the first derivative of -6*j**2 - 4*j - 5. Calculate the remainder when l(-3) is divided by d(32).
5
Suppose 8460 = 52*x + 136*x. Calculate the remainder when 291 is divided by x.
21
Suppose 2*p - 4*p - 63 = -3*n, n - 25 = 2*p. Let s(c) = -2*c**3 - 4*c**2 - 12*c - 19. What is the remainder when n is divided by s(-2)?
4
Let y(m) be the first derivative of -m**4/4 - m**3/3 - 5*m**2/2 + 3*m + 7. Let f be y(-3). What is the remainder when 71 is divided by 3/(f/442) + (-9)/(-54)?
34
Suppose 348 = -2*g - g. Let z be g/6 + (-8)/12. What is the remainder when 8/(z/7 - -3) is divided by 15?
11
Suppose -4560 = 2*c - 7*c. Let v = 816 - 733. Calculate the remainder when c is divided by v.
82
Calculate the remainder when (-11421)/(-18)*12/18 is divided by 135.
18
Suppose -11*k + 8*k = 0. Suppose 5*m - 63 - 7 = k. Calculate the remainder when 40/(-3)*24/(-8) is divided by m.
12
What is the remainder when (-41965)/(-66) - ((-3)/18 - 0) is divided by 20?
16
Suppose 1174*w - 1416 = 1168*w. What is the remainder when w is divided by 20?
16
Let b = -221 + 228. Let a(p) = 4*p**2 + 18*p - 66. Calculate the remainder when a(b) is divided by 37.
34
Suppose 2*g + 13 = 71. Suppose -11 = -2*p + 3*o, -4*p + 2*o + 18 = -0. Suppose -u = -p*u + 255. Calculate the remainder when u is divided by g.
27
Let u = -100 - -76. Calculate the remainder when (-6)/(-36) - 1676/u is divided by 18.
16
Let r(z) = -975*z**3 + z**2 + 0*z - 2 + 982*z**3 + 3*z. Calculate the remainder when 316 is divided by r(2).
60
Suppose 3*n + 5*t = 1089, 30*t - 28*t = 0. Suppose 0 = 21*b - n - 204. Calculate the remainder when b is divided by 11.
5
Suppose -3 - 15 = -9*y. Suppose -3*o - 6 = -y*z, -o = -4*o. Calculate the remainder when 7 is divided by z.
1
Suppose f = -0*f + 43. Let k(m) = 11*m + 74. Let s be k(-10). Let g = f + s. What is the remainder when 25 is divided by g?
4
Let j(f) = -f**3 - 8*f**2 + 19*f + 120. Calculate the remainder when j(-10) is divided by 4.
2
Suppose -3382 + 11995 = 26*h + 7*h. What is the remainder when h is divided by 26?
1
What is the remainder when 725 is divided by -130*((-96)/(-60) - 3)?
179
Suppose -6*h - 55 = -25. Let b(w) = -70*w - 22. What is the remainder when b(h) is divided by 33?
31
Let g(k) = k**3 + 17*k**2 - 20*k + 18. Let i be g(-18). Suppose i*p + 93 - 3333 = 0. Calculate the remainder when 95 is divided by p.
35
Let d = -67854 - -67882. Let z(p) = 42*p**2 + 2*p - 1. Calculate the remainder when z(-2) is divided by d.
23
Let c be 34/4 + 11/(-22) - 2. Suppose 19 + c = 5*t. Suppose 4*p = 3*n + n + 160, n = -t*p + 230. Calculate the remainder when p is divided by 23.
22
Suppose 0 = -3*j - u + 35, 324*j - 2*u - 10 = 320*j. Let b = -144 + 279. Calculate the remainder when b is divided by j.
7
Suppose 5*w - 2*f - 80 = 12, -2*w - 4*f = -56. Suppose -111 - 229 = -w*u. Calculate the remainder when u is divided by 14.
3
Suppose -2*r = -6, 0 = 2*x - 5*r + 10*r - 23. Calculate the remainder when 581 is divided by x.
1
Let r(x) = 2*x**3 - 20*x**2 + 257*x - 8. Calculate the remainder when r(19) is divided by 72.
69
Suppose -4*d = -2*d + u - 34, -2 = -2*d - 5*u. What is the remainder when 9552 is divided by d?
18
Suppose -4*x - 6094 + 17586 = 4*w, -2*x = 5*w - 14380. Calculate the remainder when w is divided by 40.
38
Suppose 0 = -3*g - 3 + 9. Suppose -2*z = 4*z - 1104. Let k = -175 + z. Calculate the remainder when k is divided by g.
1
Suppose u = -2*l - 3*u + 680, -5*u = -2*l + 698. What is the remainder when 1032 is divided by l?
0
Let u(b) = b**2 - 20*b - 143. Calculate the remainder when 366 is divided by u(29).
12
Let b(l) = -33*l - 2. Let h be b(1). Let t = -28 - h. Suppose t*a = -42 + 105. What is the remainder when a is divided by 3?
0
Suppose 0 = 2*n + 6*n + 32. Let o(l) = 16*l + 7. Let q(x) = -17*x - 6. Let v(u) = n*o(u) - 3*q(u). What is the remainder when 14 is divided by v(-1)?
2
Suppose -63*g + 79*g - 64 = 0. Suppose 16*w - g*w - 252 = 0. What is the remainder when 480 is divided by w?
18
Let m be 7 + (12/10)/((-6)/15). Suppose m*f - 36 = 3*c, -f - c - 8 = -2*f. What is the remainder when 34 is divided by f?
10
Let k(b) = b**3 + 3*b**2 - 4*b - 2. Let l be k(-4). Let i(d) = d**3 + 3*d**2 + 2. What is the remainder when 19 is divided by i(l)?
1
Suppose 796*s = 845*s - 1029. Let q be (2/4)/((-2)/8). What is the remainder when q/7 + 3 + 4752/s is divided by 11?
9
Suppose -30*z + 31*z = -30. What is the remainder when 46 is divided by (-4)/z - 9360/(-675)?
4
Suppose -19*u + 24*u - 1532 = -3*p, u - 308 = p. Suppose 7*q - 393 = u. What is the remainder when q is divided by 29?
13
What is the remainder when 175 - 170 - ((-2502)/4 - (-1)/(-2)) is divided by 312?
7
Let m(a) = -a**3 - 39*a**2 - 246*a + 146. What is the remainder when 5373 is divided by m(-31)?
81
Suppose -11 = 2*s - 47. Let j be -1 - (7 + -1)/(9/(-6)). Suppose -6*x + j*f - f = -68, 2*f - 32 = -4*x. Calculate the remainder when s is divided by x.
8
Calculate the remainder when 1050 is divided by 660/(-36)*324/(-45).
126
Let g(f) = 14*f**2 - 146*f - 81. Calculate the remainder when 213 is divided by g(11).
3
Let r(d) = d - 1. Let h be r(5). Suppose 0 = 5*z + h*a - 145, -z + 3*a = -48 - 0. What is the remainder when z is divided by 9?
6
Suppose -12208 = -49*p + 1953. What is the remainder when p is divided by 10?
9
Let k be ((-3)/(-9))/(4/2100). Suppose -46*c + k + 1665 = 0. Let r = -1 + 15. Calculate the 